e -3 - -7 - 19/(57/18). What is the tens digit of 13*((l - -7 - 8) + 6)?
3
Let y = -1505 + 2845. Suppose -8*m + 13*m = y. What is the hundreds digit of m?
2
Suppose 0 = -17*i - 94 - 59. Let u(k) = -41*k - 109. What is the tens digit of u(i)?
6
Let w = -25353 - -70601. What is the tens digit of w?
4
Suppose -16*q + 7*q + 36 = 0. Suppose 49 = 3*x + 5*k, -q*x - 6*k + 88 = -5*k. Let i = 180 - x. What is the tens digit of i?
5
Let f(x) = -4*x**2 + 14*x - 38. Let s(p) = -6*p**2 + 21*p - 57. Let l(n) = -8*f(n) + 5*s(n). Let j be l(-9). Let d = -162 + j. What is the units digit of d?
2
Let x = -13960 + 24951. What is the tens digit of x?
9
Let b(t) = 12788*t**3 - 2*t**2 + 18*t - 16. What is the hundreds digit of b(1)?
7
Suppose 0 = 2*k - 4*h - 45 - 129, 3*h = -5*k + 422. Suppose -k*t = -88*t - 519. Let a = t - -312. What is the units digit of a?
9
Suppose 0 = -9*v - 23 + 59. Suppose 0 = -4*a - 12, -4*r + 6*r - v = 2*a. What is the hundreds digit of (5 + (-744)/18)/(r/3)?
1
Suppose 17*q - 1858 = 10484. Let x = 187 + q. What is the tens digit of x?
1
Let w(y) = -1316*y + 6. Let z be w(1). Let h = -917 - z. What is the hundreds digit of h?
3
Suppose 5*u + w - 184 = 0, 11*u - 14*u = 2*w - 116. Suppose 5*s - 35*j + u*j - 3360 = 0, 3*s = 2*j + 2003. What is the tens digit of s?
7
Let b(w) = 57*w - 56. Let k(l) = 117*l - 113. Let x(o) = 5*b(o) - 3*k(o). What is the tens digit of x(-15)?
4
Let n(f) = -f**3 - 65*f**2 - 10*f - 353. What is the units digit of n(-68)?
9
Let r(i) = -123*i**3 - 23*i**2 - 193*i - 58. What is the tens digit of r(-7)?
5
Suppose 23*w + 5 = -41. What is the hundreds digit of (-9 - (-13 + 4)) + (-1094)/w?
5
Let o(x) = -11*x**2 - 59*x + 4. Let t be o(-3). Suppose 4*m - 12 = 0, 4*m - 232 = -k - 3*k. Let y = t - k. What is the tens digit of y?
2
Suppose 131*l - 6*l = 169375. What is the tens digit of l?
5
Suppose -2*w - 15 + 17 = 0. What is the units digit of 10 - (-16)/(-2) - (w - 1011)?
2
Suppose 20*w = -451 + 3951. Suppose w - 1655 = -10*h. What is the tens digit of h?
4
Let h = 51170 - 25092. What is the hundreds digit of -1*1/5 - h/(-65)?
4
Let q(u) be the second derivative of -u**4/3 + u**3/6 + 25*u**2/2 - 36*u. Let d(a) = -a**2 + 6. Let h(b) = -9*d(b) + 2*q(b). What is the units digit of h(7)?
9
Suppose 2*p = 94969 + 6773. What is the tens digit of p?
7
Let w(f) = -3*f**3 - 3*f**2 + 4*f + 4. Let p be w(-3). Let l = -6 + p. Suppose -25 - l = -5*k. What is the tens digit of k?
1
Let m(r) = 657*r - 35. Let c be m(-2). Let l = -437 - c. What is the tens digit of l?
1
Suppose -8007 = 260*t - 243*t - 58769. What is the tens digit of t?
8
Let j(v) = -9 - 8 - 22 - 14*v. Let i be j(-7). Let n = 48 + i. What is the hundreds digit of n?
1
Let w = -853 - -1336. Let l = -288 + w. What is the tens digit of l?
9
Let k be (14/35)/(2/20). Suppose 3*s = 4*t + 3328, -k*s + 2*t + 2922 + 1532 = 0. Suppose z = -5*z + s. What is the units digit of z?
6
Let a(w) = 4*w + 38. Let j(t) be the third derivative of t**5/15 + t**4/12 - 16*t**2. Let x be j(-2). What is the tens digit of a(x)?
8
Let z(x) = -13*x - 33. Let f be z(-3). Let y(i) = 14*i**2 + 2*i - 16. What is the units digit of y(f)?
0
Let d = -1 - 3. Let z(m) = -m**3 - 2*m**2 - 5*m - 9. Let b be z(-2). What is the tens digit of (-12)/(b + d) - -85?
8
Suppose -2*d + 0*s + 72204 = -4*s, 3*s - 72197 = -2*d. What is the tens digit of d?
0
Let k(n) = n**3 - 2*n**2 - 6*n + 1. Let x be k(4). Let u be (-8)/(-3) - (30/x)/5. Let s(v) = 13*v - 9. What is the units digit of s(u)?
7
Suppose 2*h - 13 = 3. Suppose 89 = h*t - 1007. Suppose 0 = 8*j - t - 335. What is the units digit of j?
9
Let p(x) = -363*x - 4998. What is the units digit of p(-41)?
5
Let c(d) = -2*d - 8. Let v be c(-4). Suppose -5*u + 3*u - 2 = v. What is the units digit of (-4)/u*(-1141)/(-28)?
3
Suppose 0*y = 4*y - m + 3239, -3*m - 2418 = 3*y. Let i = -487 - y. What is the tens digit of (-1)/(5 - 3) + i/4?
8
Let w = -26585 + 71298. What is the hundreds digit of w?
7
Suppose -157*b + 347351 - 516642 = -2064595. What is the ten thousands digit of b?
1
Let j(w) = -3*w**2 + 15*w + 20. Let v be j(6). Suppose 2*f + 2*f - 4*m = 1816, -m + 917 = v*f. What is the tens digit of f?
5
Suppose -20*c = -14*c - 102. Suppose -4*d = -d + 4*w + c, 2*d = 2*w + 12. Suppose -n + 0 + d = 0, -3*f - n = -784. What is the tens digit of f?
6
Let h(w) = -125*w**2 - 4*w - 2. Let t be h(-1). Let m = t - -156. Suppose 198 - m = q. What is the tens digit of q?
6
Let k(n) = 7*n**2 + 93*n - 1897. What is the hundreds digit of k(23)?
9
Let t = 11703 - 3105. What is the thousands digit of t?
8
Let z = -97 + 44. Let j = z + 89. Suppose -j = -6*l + 4*l. What is the tens digit of l?
1
Suppose -2*c + 14258 - 1214 = -0*c. What is the units digit of c?
2
Suppose 0 = -f - 399 - 220. Let q = f + 1065. Let w = q - 148. What is the tens digit of w?
9
Let p(y) = 2. Let z(w) = -w + 16. Let g(v) = 3*p(v) + z(v). Suppose -3*r - 3*n = -45, r + n = 6*r - 45. What is the units digit of g(r)?
2
Let c(d) = -3*d + 2. Suppose 86*g - 3 = 83*g. Let x be c(g). What is the tens digit of x*((-1 + 1)/(-2) - 67)?
6
Let b be 56/24 - 3076/(-6). Let l = b - 425. What is the units digit of l?
0
Let m(c) = -34*c - 21. Let j be m(-4). What is the tens digit of (6 + j/(-5))*(-3 + 0)?
5
What is the tens digit of (144/216)/((-4)/(-172938))?
2
Let w be 4/6*(3 + 6/(-4)). Suppose 2*q - w = -3*n + 7, -2*n = -5*q - 18. Suppose -4*x + x + 3*a = -252, n*a - 8 = 0. What is the tens digit of x?
8
Let s(k) = -1 + k**2 - 2 + 22 - 6*k. Let y(c) = 168*c - 825. Let p be y(5). What is the hundreds digit of s(p)?
1
Suppose -3*y + 4184 = -4*l - 4*y, -4*y + 4164 = -4*l. Let m = -738 - l. What is the hundreds digit of m?
3
Suppose -52 = 2*a - 0*a. Let f be 12/10*-1*220/(-88). What is the tens digit of 3 - (a + -2 + f)?
2
Let w = -235 - -13303. What is the tens digit of w?
6
Suppose -4*h = 2*a + 2 + 2, -4*h = 4*a + 8. Let p be 52/16 + a/8. What is the hundreds digit of (p - (-54)/4)*12?
1
Suppose -2*f = -29 + 25. Suppose -n + 83 + 337 = 0. Suppose -3*y + 4*x + n = -208, -f*x = 8. What is the units digit of y?
4
Let d be 174/8 - 12/16. Let q = d - 23. Let f = 16 - q. What is the tens digit of f?
1
Let f(i) = -i - 2. Let d be f(-9). What is the units digit of 9/((-126)/4) - (-1584)/d?
6
What is the units digit of (350/(-105))/(8/(-75636)*3)?
5
Let c(v) = -v + 32. Let b be c(15). Let z(t) = -3*t + 18. Let i be z(5). Suppose -p + i*n + b = -9, -p + 24 = -n. What is the units digit of p?
3
Suppose 4*d = -2*f + 47486, -23374 = -5*d + 5*f + 35931. What is the thousands digit of d?
1
Suppose -2574 = -11*m + 319. Let f = 521 - m. What is the tens digit of f?
5
Let b(w) = -27*w - 110. Let u(v) = -v**2 + 13*v + 3. Let p be u(14). What is the units digit of b(p)?
7
Let p be 357/(-15) - (-4)/(-20). Let c be (6/(-8))/(9/p). Suppose -233 = -4*t - 5*i, 0 = c*t - 0*i + 2*i - 116. What is the tens digit of t?
5
Suppose 10*i = 9*i - 2*a - 4, -3*a - 32 = -5*i. Suppose -5*m = -m - 5*n - 258, -3*m - i*n = -178. What is the tens digit of m?
6
Let f = 22987 - 15128. What is the tens digit of f?
5
Let p(c) = -c**3 - 4*c**2 + 5*c + 7. Let y be p(-5). Suppose -y*i - 3 = -8*i. Let u = i + 33. What is the units digit of u?
6
Let n be (29/(-7))/(7/(-49)). Let f(k) = k**2 + k + 2. Let q be f(0). Let l = n + q. What is the units digit of l?
1
Suppose -7604 = -w + 3*f, 4*f - 14798 - 15522 = -4*w. What is the thousands digit of w?
7
Let x(v) = 29*v - 4. Let k be x(3). Let w = 298 - 246. Let y = k - w. What is the tens digit of y?
3
Let b be (1 - (-447)/(-15))/((-2)/20). Let o be ((-14)/8)/((-8)/b). Suppose 5*a - d - d - 303 = 0, a = d + o. What is the units digit of a?
9
Let r(p) = 188*p**2 - 7*p + 2. Let t be r(2). Let n = -240 + t. What is the units digit of n?
0
Let b = -51878 + 81391. What is the ten thousands digit of b?
2
Suppose -5*l = -s + 1191, 667 + 5225 = 5*s - 4*l. Suppose -4*u = -236 - s. What is the hundreds digit of u?
3
Suppose -1 = -w - 3*z, -w + z - 7 = -3*w. Suppose -3*g + g = 2*s, 16 = -w*g. Suppose s*v = 7*v - 237. What is the tens digit of v?
7
Let g be 2 + (-3)/4 + 60/16. Let q be -3 - (-2)/((-4)/(-10)). Suppose -g*v = -q*v - 192. What is the tens digit of v?
6
What is the units digit of 76/(-247) + 550700/65?
2
Suppose -744645 - 552659 = 100*v